 = -z**3 - 7*z**2 - 5*z + 23. Determine k(-7).
58
Let g(r) = 42*r**3 - r**2 + 3*r + 4. Determine g(-1).
-42
Let s(n) = n**2 + 1876*n + 15005. What is s(-8)?
61
Let v(z) = 3*z**2 + 56*z - 2558. Give v(-40).
2
Let q(r) = -8*r**2 - 3313*r - 3719. What is q(-413)?
-2
Let m(s) = -s**3 - 338*s**2 + 433*s + 146364. What is m(-338)?
10
Let w(r) = 4*r**2 + 590*r + 4017. Determine w(-7).
83
Let t(c) = -154*c + 1381. Determine t(9).
-5
Let c(l) = -l**3 + 9*l**2 + 12*l - 107. Give c(9).
1
Let x(g) = -50*g - 70. Give x(4).
-270
Let b(k) = 298*k + 1465. Give b(-5).
-25
Let i(j) = -2*j**2 - 222*j - 1972. Calculate i(-10).
48
Let r(v) = v**3 + 35*v**2 + 11*v + 397. Determine r(-35).
12
Let q(s) = 2*s**3 + 85*s**2 + 463*s - 170. Determine q(-36).
10
Let a(d) = -107*d**3 + 33*d**2. Determine a(1).
-74
Let o(b) = 77*b + 773. What is o(-10)?
3
Let j(c) = -c**3 - 2*c**2 + 14*c + 58. Determine j(8).
-470
Let n(t) = -3*t**2 - 110*t - 95. Calculate n(-36).
-23
Let d(w) = -12*w - 71. Give d(-3).
-35
Let a(x) = 31*x**2 + 274*x - 21. Give a(-9).
24
Let q(x) = 58*x**2 + x - 1. Give q(-1).
56
Let s(j) = j**3 + 9*j**2 + 20*j + 105. Calculate s(-5).
105
Let z(w) = -10090*w + 110996. Give z(11).
6
Let n(a) = -2*a**3 - 404*a**2 - 385*a + 3423. Give n(-201).
6
Let a(t) = 2*t**2 + 87*t + 761. What is a(-12)?
5
Let w(c) = -c**2 + 38*c + 32. Give w(34).
168
Let p(i) = 123*i**3 + i**2 - 5*i - 5. What is p(-1)?
-122
Let l(c) = c**3 + 11*c**2 - 25*c - 55. Calculate l(-12).
101
Let j(u) = -u**2 + 94*u + 612. What is j(-6)?
12
Let f(r) = -388*r + 3882. Give f(11).
-386
Let g(c) = c**3 - 2185*c + 4. Calculate g(0).
4
Let a(s) = -s**2 - 24*s - 209. Determine a(0).
-209
Let f(g) = g**2 + 15*g - 197. Calculate f(-19).
-121
Let k(t) = -2*t**2 - 118*t + 504. Calculate k(4).
0
Let d(z) = -2*z**3 - 44*z**2 - 189*z + 14. Give d(-13).
-571
Let h(w) = 250*w - 1002. Calculate h(4).
-2
Let m(o) = 309*o + 76. What is m(0)?
76
Let j(h) = -h**2 + 7*h + 46. Calculate j(-5).
-14
Let m(p) = -7*p**2 + 1684*p - 968. What is m(240)?
-8
Let t(j) = j**2 + 208*j - 6092. Calculate t(26).
-8
Let p(t) = 1779*t - 186807. What is p(105)?
-12
Let x(z) = -z**3 + 6*z**2 - 47*z + 153. Calculate x(4).
-3
Let t(j) = 6*j**2 - 16*j - 7. Determine t(5).
63
Let c(q) = q**2 - 180*q - 892. Calculate c(-5).
33
Let c(w) = w**3 - 11*w**2 - 18*w - 42. Calculate c(13).
62
Let t(g) = -g**2 + 39*g + 182. Calculate t(-5).
-38
Let x(n) = -3*n**2 + 37*n + 125. Give x(18).
-181
Let b(m) = -m**3 + 150*m**2 - 588*m + 592. Give b(146).
8
Let l(c) = 49*c + 587. Give l(-12).
-1
Let s(l) = l**2 + 63*l + 704. Calculate s(-48).
-16
Let n(o) = o**2 - 172*o + 338. Calculate n(2).
-2
Let i(w) = 34*w + 1158. Give i(-42).
-270
Let t(f) = -f**3 - 9*f**2 + 45*f + 41. What is t(-10)?
-309
Let y(j) = 6*j**2 + 1486*j - 6556. Give y(-252).
-4
Let w(p) = p**3 + 70*p**2 + 201*p + 177. Determine w(-67).
177
Let d(k) = -4*k**2 - 3*k + 25. Calculate d(2).
3
Let g(j) = 2*j**2 - 2378*j - 9536. What is g(-4)?
8
Let b(w) = 3*w**2 + 45*w - 435. Give b(-22).
27
Let y(n) = 2*n**2 - 407*n - 6800. Give y(-16).
224
Let j(n) = n**3 - 29*n**2 + 40*n + 113. Give j(28).
449
Let b(x) = x**3 - 26*x**2 + 158*x + 5. Give b(11).
-72
Let t(o) = 5487*o - 10972. Give t(2).
2
Let z(v) = -126*v - 109. Calculate z(-3).
269
Let b(f) = -3*f**3 - 15*f**2 + f - 295. Determine b(-7).
-8
Let q(t) = t**3 + 79*t**2 - 40*t - 3171. Calculate q(-79).
-11
Let v(j) = -2*j**2 - 87*j + 490. Determine v(5).
5
Let b(g) = 2*g**3 + 21*g**2 - 16*g - 29. What is b(-10)?
231
Let w(z) = -26*z**2 - z - 4. Determine w(2).
-110
Let x(c) = -273*c - 805. Give x(-3).
14
Let u(p) = -721*p - 3563. Give u(-5).
42
Let b(t) = 138*t - 341. What is b(4)?
211
Let s(n) = 3*n**2 - 459*n + 17496. Calculate s(81).
0
Let d(a) = 2*a**3 + 38*a**2 - 5*a + 24. Determine d(-19).
119
Let o(s) = -445*s**2 - 3*s + 4. Determine o(1).
-444
Let f(a) = a**3 + 30*a**2 - 195*a - 725. What is f(-35)?
-25
Let c(u) = -12*u - 16. Calculate c(1).
-28
Let v(y) = -y**3 - 34*y**2 + 114*y + 120. Give v(-37).
9
Let f(v) = -8*v**2 - 8. Determine f(0).
-8
Let o(h) = 106*h + 13792. What is o(-130)?
12
Let r(l) = l**3 - 2*l**2 - 110*l - 130. Determine r(12).
-10
Let x(t) = -3*t**2 - 3*t - 8. Give x(11).
-404
Let s(p) = -8*p**2 + 508*p + 1484. Calculate s(-3).
-112
Let n(i) = -i**2 - 113*i + 1774. Give n(15).
-146
Let u(q) = -434*q - 3496. Determine u(-8).
-24
Let y(g) = -5*g**3 + 3*g**2 + 330*g + 328. Calculate y(-1).
6
Let b(o) = 3*o**3 - 199*o**2 + 259*o + 63. Calculate b(65).
-2
Let h(q) = -42*q**2 - 120*q - 29. Determine h(-3).
-47
Let n(c) = -14*c + 164. Give n(22).
-144
Let o(s) = 126*s - 1251. Give o(10).
9
Let b(n) = n**2 + 111*n + 597. Determine b(-6).
-33
Let s(y) = y**3 + 2*y + 4. What is s(4)?
76
Let z(s) = 5*s**3 + 319*s**2 - 56*s + 504. Calculate z(-64).
-8
Let r(c) = -c**3 - 20*c**2 - 9*c + 37. Calculate r(-18).
-449
Let o(a) = 2*a**2 - 49*a. What is o(-3)?
165
Let f(i) = -9540*i - 47696. What is f(-5)?
4
Let f(y) = y + 528. Give f(22).
550
Let h(f) = -f**2 - 5*f + 9695. Give h(-101).
-1
Let v(l) = -l**3 + 15*l**2 - 3*l + 33. Give v(15).
-12
Let n(a) = 349*a - 10448. Give n(30).
22
Let l(p) = -p**3 + 27*p**2 - 27*p - 44. Give l(26).
-70
Let t(i) = 217*i - 13230. Give t(61).
7
Let v(a) = -a**3 - 119*a**2 + 1569*a - 280. Give v(-131).
113
Let c(g) = 2*g**2 - 250*g - 2134. Determine c(-8).
-6
Let m(w) = -3*w**3 - 31*w**2 - 84*w - 32. What is m(-8)?
192
Let w(r) = -12*r + 62. Calculate w(4).
14
Let y(i) = 207*i + 303. What is y(-2)?
-111
Let f(a) = -8*a**2 + 45*a - 86. What is f(2)?
-28
Let y(h) = -h**3 + 16*h**2 - 52*h + 28. What is y(3)?
-11
Let h(b) = 34*b + 1056. What is h(-31)?
2
Let u(p) = p**2 + 24*p - 273. Determine u(9).
24
Let v(h) = 8*h**3 - 98*h**2 + 44*h - 262. Calculate v(12).
-22
Let q(k) = -4*k**2 - 3*k - 11. Determine q(2).
-33
Let q(k) = -135*k + 1803. What is q(13)?
48
Let s(u) = 3*u**2 + 14*u - 71. Determine s(-8).
9
Let x(n) = 3*n**2 + 299*n - 1215. What is x(4)?
29
Let m(z) = -z**3 - 20*z**2 - 41*z + 15. Determine m(-18).
105
Let h(t) = 5*t**2 + 24*t - 23. Determine h(1).
6
Let z(i) = 49*i**2 - 49*i + 92. What is z(2)?
190
Let t(p) = 2*p**2 - 49*p - 143. Give t(-3).
22
Let n(p) = -p**3 - 17*p**2 + 108*p - 58. Determine n(-22).
-14
Let w(q) = -4*q**3 - 105*q**2 + 80*q - 47. Determine w(-27).
-20
Let y(v) = -35*v - 3146. Determine y(-91).
39
Let d(m) = 260*m**2 + 7*m + 8. What is d(-1)?
261
Let o(a) = a**3 - 4*a**2 - 16*a + 80. Calculate o(7).
115
Let i(s) = s**2 - 39*s + 205. What is i(32)?
-19
Let y(t) = 2*t**3 + 15*t**2 - 27*t - 192. Determine y(-8).
-40
Let v(x) = 3*x - 51. Calculate v(12).
-15
Let x(h) = h**3 + 5*h**2 + 4*h - 107. What is x(5)?
163
Let a(i) = -24*i - 176. What is a(-8)?
16
Let r(l) = -l**3 - 8*l**2 + 266*l + 89. Calculate r(13).
-2
Let x(k) = -k**3 - 12*k**2 + 13*k - 117. Give x(-13).
-117
Let u(i) = -12*i**2 + 74*i + 22. Determine u(8).
-154
Let q(h) = h**2 + 73*h - 907. Give q(12).
113
Let h(b) = 15*b**3 + 4*b**2 + 132*b - 271. Calculate h(2).
129
Let m(r) = 2283*r - 18259. Determine m(8).
5
Let j(t) = -11*t + 728. Determine j(73).
-75
Let c(b) = -6*b**2 + 2*b + 122. Determine c(-8).
-278
Let t(h) = 606*h**2 - 4853*h + 33. Calculate t(8).
-7
Let b(w) = -5*w**2 + 19*w + 85. Determine b(7).
-27
Let w(y) = -y**3 - 52*y**2 + 104*y - 145. What is w(-54)?
71
Let g(h) = -21*h + 386. What is g(18)?
8
Let x(d) = 13*d + 522. What is x(-43)?
-37
Let k(x) = 13*x + 872. Calculate k(-93).
-337
Let i(v) = -v**2 + 37*v + 480. Give i(-10).
10
Let s(o) = 58*o - 257. Calculate s(5).
33
Let w(y) = -2*y**3 - 49*y**2 - 84*y + 18. Determine w(-2).
6
Let o(s) = s**2 - 355*s + 14995. Give o(49).
1
Let d(z) = -134*z**2 - 18*z + 19. Give d(1).
-133
Let r(t) = 981*t - 3924. Give r(4).
0
Let v(q) = -q**2 - 415*q - 1238. Give v(-3).
-2
Let z(s) = -234*s + 323. Give z(0).
323
Let l(r) = 2*r**2 - 61*r - 169. Calculate l(32).
-73
Let f(m) = 2*m**2 + 33*m + 53. Give f(-17).
70
Let a(t) = -69*t**3 - 4*t**2 + 4*t - 1. Give a(1).
-70
Let n(z) = z**3 + 42*z**2 - 520*z - 12. Give n(-52).
-12
Let o(j) = j**3 + 17*j**2 - 21*j - 598. Calculate o(-16).
-6
Let c(v) = -62*v - 419. What is c(-7)?
15
Let g(u) = u**3 - 22*u**2 - 15*u + 330. Give g(22).
0
Let c(d) = -d**2 - 4719*d + 23637. Determine c(5).
17
Let k(q) = -30*q + 334. Calculate 